9. What is the highest common factor of 78 and j?
26
Suppose 3*k + 4*u - 3*u - 5183 = 0, 2*k - 3453 = -3*u. What is the greatest common divisor of k and 297?
27
Let i be -3 + 0 + 4 + 1. Suppose -5*u = -l + i*l - 119, -u - l + 23 = 0. What is the greatest common divisor of u and 36?
12
Let f be (6188/(-21))/((-24)/108). Calculate the greatest common factor of f and 510.
102
Suppose -4792 = -5*m + 1608. Suppose 7*t = -t + m. What is the highest common factor of t and 40?
40
Suppose h + 6 - 9 = 0. Suppose -10 = 2*n + 3*v - 32, -2*n - 4*v + 26 = 0. Suppose -n*m + h*m + 6 = 0. Calculate the greatest common divisor of 4 and m.
1
Suppose -3*z - 2307 - 2013 = -30*z. What is the greatest common factor of 11360 and z?
160
Let l(k) = 50*k + 26*k - 30 + 52*k - 82*k. Let g be l(3). What is the highest common factor of 27 and g?
27
Let j be 150/275 + (-2645)/(-11). Let y = j + -217. Let m = 19 - 3. What is the greatest common divisor of m and y?
8
Suppose 74*g - 78*g + 279 = 3*l, -3*g = -5*l - 260. Calculate the greatest common divisor of 4825 and g.
25
Suppose -3*k + 6 = -5*k, -188 = -4*z + 4*k. Suppose 1060 = 12*b + 400. What is the greatest common divisor of b and z?
11
Let z = 29 + -24. Let k = 11 - z. Suppose n = -k*n + 91. What is the greatest common factor of n and 91?
13
Suppose x - 22 = -x. Suppose -m + g = 6*g - 25, 3*g = 2*m - x. Let z be (8/m + 2)*(16 + -11). Calculate the greatest common factor of z and 56.
14
Let i(g) = -g**2 + 3*g + 2. Let w be i(3). Suppose -62*r + 64*r = 12. Let y(u) = 9*u - 50. Let k be y(r). Calculate the greatest common divisor of w and k.
2
Let p = -237 + 319. Let w = -340 + 504. Calculate the highest common divisor of p and w.
82
Let c(j) = -j**3 + 17*j**2 + 50*j - 176. Let a be c(19). What is the highest common factor of 585 and a?
13
Suppose -18 = -22*v + 19*v. Suppose -19 + 271 = v*r. What is the highest common factor of 210 and r?
42
Suppose -10*v + 349 = -691. Suppose 107*f = v*f - 348. Let m = 124 + f. Calculate the greatest common factor of m and 128.
8
Let v = 6953 + -6927. What is the highest common divisor of v and 50?
2
Suppose 0 = q + 17 + 1. Let t = q - -19. Let x be (t + 6/(-9))*6. What is the greatest common factor of 2 and x?
2
Suppose 0 = -0*v + 3*v - 378. Let u = -51 + v. Let r = -22 + 52. What is the highest common factor of r and u?
15
Let w(u) = -876*u - 14. Let y be w(-2). Suppose -5*i = -y + 703. What is the greatest common divisor of 9 and i?
9
Let h = -3501 + 3581. What is the greatest common factor of h and 272?
16
Suppose 0 = -196*g + 193*g. Suppose g = 24*u - 22*u - 126. What is the highest common factor of u and 9?
9
Let w(t) = -3*t**3 - 7*t**2 - 4*t + 30. Let p be w(-6). Let z be (1/(-3)*-3)/(9/p). Calculate the greatest common divisor of 175 and z.
25
Let j(s) = 9*s**2 + 3*s**3 + 6*s**2 - 2*s**3 - 11*s**2 + s. Let i be j(-3). Let u be i + -2 + -1 + -2. Calculate the greatest common factor of u and 3.
1
Suppose 6*l - 8*l + 16 = -0*l. Calculate the greatest common divisor of 2998 and l.
2
Let i be 5/10*6*308/(-6). Let n = i - -175. What is the greatest common divisor of n and 273?
21
Let u(k) = k**3 - 53*k**2 - 289*k - 32. Let d be u(58). What is the highest common factor of 4667 and d?
13
Let o(h) = 4*h + 3*h + 4*h + 6 - h**2. Let n = -772 - -782. Let m be o(n). Calculate the greatest common factor of 128 and m.
16
Suppose 0 = -5*w + s + 118, -32 = -w - 17*s + 20*s. Suppose -18*d + 1535 = w. Calculate the highest common factor of 63 and d.
21
Suppose 3*f = 5*z + 5, -4*z = -5*z + 5*f - 23. Suppose 3*h = 3*x - 64 - 5, -x - z*h + 23 = 0. Calculate the greatest common divisor of 230 and x.
23
Let n be -347*(9 + (-6 - 1) - (7 + -2)). What is the highest common divisor of n and 3?
3
Suppose -d = -2*v - 36, 35*d = 31*d + v + 130. What is the highest common divisor of d and 248?
8
Suppose -1804 = -17*n + 134. What is the highest common factor of 152 and n?
38
Let i(c) = 9*c - 17. Let g be i(-6). Let p = -64 - g. Let k be (14/(-1) - 0)/(24/(-60)). What is the greatest common factor of p and k?
7
Let d(x) = 272*x - 18. Let q be d(1). Let k = -247 + q. What is the greatest common divisor of 161 and k?
7
Suppose 3*q = 5*y + 1085, 2*y + 538 = -5*q + 2336. Suppose -1512 = -29*o + 8*o. What is the greatest common divisor of q and o?
72
Suppose 5*k - 4*z = -815 + 833, 0 = -2*z + 16. Suppose 0*i = -2*i + 220. What is the greatest common factor of i and k?
10
Let s be (508 - 4) + 0/(-18). What is the highest common factor of 294 and s?
42
Let w = 3084 - 2676. What is the highest common divisor of 30 and w?
6
Suppose 2*q - 67 = 3*y, 7*q + 5*q - 3*y = 447. What is the highest common divisor of q and 361?
19
Suppose -9*p = -107 - 460. Suppose 2*y - 22 = -5*w + 3*w, 3*w - 3*y - p = 0. What is the greatest common divisor of w and 8?
8
Suppose 2*c - 2*n - 1140 = -2*c, -4*c + 3*n + 1140 = 0. Let f(m) = m**2 + 5*m + 1. Let b be f(2). Calculate the greatest common divisor of b and c.
15
Let w = -7753 - -7883. What is the highest common factor of 403 and w?
13
Let y(s) = -165*s + 1001. Let w be y(-11). What is the highest common factor of 792 and w?
88
Let o = 2677 + 7058. What is the greatest common factor of o and 165?
165
Let p = 127 - -42. Let i = p - 7. What is the highest common divisor of 54 and i?
54
Suppose 19*s - 2421 - 3032 = 0. What is the greatest common divisor of s and 7?
7
Let z = -6171 - -6220. What is the greatest common divisor of 224 and z?
7
Suppose -2078*f + 2079*f - 3*w = 1452, 0 = -5*f + 5*w + 7260. Calculate the highest common divisor of 1320 and f.
132
Suppose 0 = 5*b - h - 24733, -5*b + 18713 = 2*h - 6026. Calculate the highest common factor of 51 and b.
51
Let o be (1979 - -1) + (-24)/(-144)*0/(-3). What is the highest common factor of 160 and o?
20
Let y = 618 + -623. Let r be (-58 + -2)*y/10. What is the greatest common factor of 10 and r?
10
Suppose -9*v + 2*d - 494 = -11*v, 0 = -4*v + 3*d + 967. Suppose v = 4*g + 24. Calculate the highest common factor of g and 5.
5
Let p(r) = -43*r + 2624. Let v be p(60). What is the highest common factor of v and 7634?
22
Let o(x) = -x**3 + 2*x**2 - x + 3. Let y be o(0). Suppose 4*w = y*w + 4. Suppose -150 = -w*f - f. Calculate the greatest common factor of 6 and f.
6
Let h(l) = 87*l + 3129. Let u be h(29). What is the greatest common divisor of 24 and u?
12
Suppose 18*g - 21*g = -3240. Suppose -27*s - g = -57*s. Calculate the highest common divisor of 198 and s.
18
Suppose g = -0*g + 2*f + 13, -5*f = 4*g. Let t be 6 - 3/3*-109. What is the greatest common factor of t and g?
5
Let f be -8*((-270)/4)/5. Let u = -7748 - -7760. What is the highest common factor of u and f?
12
Suppose -37*m + 14101 = 13731. What is the greatest common divisor of 1845 and m?
5
Let x be ((-3)/2)/((-36)/240). Let n be (-16)/(-15)*3*x. Let l = -13 + n. What is the highest common factor of 38 and l?
19
Suppose 13*w - 16*w - 4*y = -30319, 4*w - 5*y = 40415. Calculate the highest common factor of 860 and w.
215
Let w(z) = -13*z**2 - 9*z + 26. Let s be w(4). Let k = s + 221. Calculate the greatest common factor of k and 39.
3
Let r be 6272/126 + 10 - 12/(-54). Suppose l + 0*l = 48. Calculate the highest common factor of r and l.
12
Let l(i) = i**2 + 3*i + 2. Let z be l(-3). Let c = -17080 - -17082. What is the greatest common factor of c and z?
2
Let c(t) = t**3 - 3*t**2 + 85*t - 602. Let h be c(6). Calculate the greatest common divisor of 256 and h.
16
Suppose -10 = -12*o + 26. Suppose -o*b + 99 + 16 = 5*a, a = 5*b - 173. Let s = 34 - 20. Calculate the highest common divisor of s and b.
7
Suppose 0 = q - 1 - 5. Let n be (-2)/(-6)*-3 - 1*-75. Let d = 140 - n. What is the highest common factor of d and q?
6
Let b = -1593 + 2096. What is the highest common divisor of b and 1?
1
Let x be (258/(-18))/((-5)/915). Calculate the highest common factor of x and 215.
43
Let o = 38290 - 26146. What is the greatest common divisor of 138 and o?
138
Suppose 17*m - 514 = 438. Calculate the highest common factor of m and 4732.
28
Let z(v) = 114*v**2 - 19*v - 57. Let m be z(4). Calculate the highest common factor of 95 and m.
19
Let h(p) = 3*p - 22. Let f be h(-9). Let o = -43 - f. Suppose q - o*q = -120. Calculate the highest common divisor of q and 16.
8
Suppose -53 = 5*u - 3*o + 29, 3*u 